{"id":28,"date":"2023-10-07T13:20:29","date_gmt":"2023-10-07T13:20:29","guid":{"rendered":"http:\/\/compagnie-a-tout-rompre.local\/?page_id=28"},"modified":"2023-10-07T13:20:29","modified_gmt":"2023-10-07T13:20:29","slug":"politique-de-confidentialite-2","status":"publish","type":"page","link":"https:\/\/cieatoutrompre.fr\/index.php\/politique-de-confidentialite-2\/","title":{"rendered":"Politique de confidentialit\u00e9"},"content":{"rendered":"\n<p>La pr\u00e9sente politique, la \u201c<strong>Politique en mati\u00e8re de cookies<\/strong>\u201d, a pour objet d\u2019informer de mani\u00e8re claire, simple et compl\u00e8te les utilisateurs du pr\u00e9sent site, l\u2019\u201d<strong>Utilisateur<\/strong>\u201d ou \u201c<strong>vous\/votre\/vos<\/strong>\u201d, sur la mani\u00e8re dont Compagnie A Tout Rompre, \u201c<strong>Compagnie A Tout Rompre<\/strong>\u201d ou \u201c<strong>nous<\/strong>\u201d, utilise les cookies sur son site, le \u201c<strong>Site<\/strong>\u201d.<\/p>\n\n\n\n<p>Un cookie est un ensemble d\u2019informations d\u00e9pos\u00e9es dans le terminal de l\u2019Utilisateur lorsque celui-ci navigue sur le Site.<\/p>\n\n\n\n<p>Le d\u00e9p\u00f4t de cookies publicitaires et\/ou de mesure d\u2019audience est soumis \u00e0 votre consentement, c\u2019est pour cela que vous trouverez en bas de notre site un bandeau cookies qui vous permet \u00e0 tout moment d\u2019accepter, param\u00e9trer et\/ou de refuser le d\u00e9p\u00f4t de ces derniers. Vous avez \u00e9galement la possibilit\u00e9 de changer d\u2019avis \u00e0 tout moment via le gestionnaire mis \u00e0 votre disposition ou via votre navigateur.<\/p>\n\n\n\n<p><strong>Quel type de cookies utilisons-nous ? Pour quelles finalit\u00e9s ?<\/strong><\/p>\n\n\n\n<p><strong>Des cookies strictement n\u00e9cessaires<\/strong><\/p>\n\n\n\n<p>Ces cookies sont n\u00e9cessaires pour les op\u00e9rations propres aux services et aux produits qui sont fournis sur le Site. Ils sont utilis\u00e9s pour fournir les fonctionnalit\u00e9s basiques du Site, telles que se souvenir des informations qui ont \u00e9t\u00e9 ins\u00e9r\u00e9es dans un formulaire. Si vous emp\u00eachez l\u2019installation de ces cookies, vous ne pourrez plus utiliser ces fonctionnalit\u00e9s et le Site pourrait ne pas fonctionner de fa\u00e7on efficace.<\/p>\n\n\n\n<p><strong>Des cookies de performance<\/strong><\/p>\n\n\n\n<p>Ces cookies sont utilis\u00e9s pour collecter des donn\u00e9es anonymes \u00e0 des fins statistiques. Ils nous permettent de mesurer l\u2019audience du Site et d\u2019analyser la fa\u00e7on dont les visiteurs surfent sur le Site (nombre de visiteurs sur le Site, nombre de visites par page, temps pass\u00e9 sur chaque page, localisation des clics\u2026). Ils sont \u00e9galement utilis\u00e9s pour d\u00e9tecter des probl\u00e8mes de navigation et toute autre difficult\u00e9. Ces cookies nous aident \u00e0 am\u00e9liorer notre Site et votre navigation.<\/p>\n\n\n\n<p><strong>Des cookies de personnalisation ou de fonctionnalit\u00e9<\/strong><\/p>\n\n\n\n<p>Ces cookies sont utilis\u00e9s pour se souvenir de vos choix, de vos r\u00e9glages et de vos pr\u00e9f\u00e9rences de contenu sur le Site (comme votre langue, vos choix de personnalisation\u2026) et vous offrir ainsi une exp\u00e9rience de navigation personnalis\u00e9e en adaptant les contenus du Site pour vous. Si vous refusez ces cookies, nous ne pourrons plus vous offrir certaines fonctionnalit\u00e9s et certaines pages du Site pourraient ne pas fonctionner correctement.<\/p>\n\n\n\n<p><strong>Sp\u00e9cificit\u00e9 des cookies de partage<\/strong><\/p>\n\n\n\n<p>Ces cookies sont sp\u00e9cifiquement li\u00e9s \u00e0 l\u2019utilisation des boutons de partage d\u2019une page du Site sur les r\u00e9seaux sociaux (LinkedIn, etc.). Les boutons de partage vous permettent de directement partager sur le r\u00e9seau social concern\u00e9 une page du Site. En cliquant sur le bouton de partage sur le r\u00e9seau social concern\u00e9, un ou plusieurs cookies sont alors d\u00e9pos\u00e9s sur votre terminal (ordinateur, smartphone, tablette) par le r\u00e9seau social. Nous n\u2019avons ni acc\u00e8s ni contr\u00f4le sur ces cookies de tiers, qui peuvent \u00eatre des cookies analytiques, de performance ou de ciblage. Nous vous sugg\u00e9rons de consulter les sites internet de ces tiers pour plus d\u2019informations au sujet de leurs cookies et pour savoir comment les g\u00e9rer.<\/p>\n\n\n\n<p><strong>R\u00e9glage et blocage des cookies via notre gestionnaire de cookies<\/strong><\/p>\n\n\n\n<p>La liste des cookies que nous utilisons est consultable via l\u2019outil de gestion que nous avons mis en place. Vous avez la possibilit\u00e9 de les d\u00e9sactiver \u00e0 tout moment. N\u00e9anmoins, nous attirons votre attention sur le fait que certains cookies sont indispensables au bon fonctionnement du Site et qu\u2019il est donc d\u00e9conseill\u00e9 de les d\u00e9sactiver.<\/p>\n\n\n\n<p><strong>R\u00e9glage et blocage des cookies via vos param\u00e8tres de navigation<\/strong><\/p>\n\n\n\n<p>Vous pouvez \u00e9galement contr\u00f4ler les cookies gr\u00e2ce aux param\u00e8tres de votre navigateur. Si la plupart des navigateurs sont param\u00e9tr\u00e9s par d\u00e9faut et acceptent l\u2019installation de cookies, vous avez la possibilit\u00e9, si vous le souhaitez, de choisir d\u2019accepter tous les cookies, ou de les rejeter syst\u00e9matiquement ou encore de choisir ceux que vous acceptez selon l\u2019\u00e9metteur. Vous pouvez \u00e9galement param\u00e9trer votre navigateur pour accepter ou refuser, au cas par cas, les cookies pr\u00e9alablement \u00e0 leur installation. Vous pouvez \u00e9galement r\u00e9guli\u00e8rement supprimer les cookies de votre terminal via votre navigateur.<\/p>\n\n\n\n<p>L\u2019utilisation de cookies ou de technologies similaires par tout site Internet tiers, fournisseur de contenu publicitaire est soumise \u00e0 leur propre politique de confidentialit\u00e9 en mati\u00e8re de cookies.<\/p>\n\n\n\n<p>La CNIL (Commission Nationale Informatique et Libert\u00e9) propose en t\u00e9l\u00e9chargement gratuit<strong>,<\/strong> un logiciel de gestion des cookies sur son site Internet : rendez-vous \u00e0 l\u2019adresse <a href=\"https:\/\/www.cnil.fr\/vos-droits\/vos-traces\/les-cookies\/\">https:\/\/www.cnil.fr\/vos-droits\/vos-traces\/les-cookies\/<\/a> pour en savoir plus.<\/p>\n\n\n\n<p>Pour la gestion des cookies et de vos choix, la configuration de chaque navigateur est diff\u00e9rente. Elle est d\u00e9crite dans le menu d\u2019aide de votre navigateur, qui vous permettra de savoir de quelle mani\u00e8re modifier vos souhaits en mati\u00e8re de cookies.<\/p>\n\n\n\n<p><strong>A titre d\u2019exemple :<\/strong><\/p>\n\n\n\n<ul class=\"wp-block-list\">\n<li>Pour Internet Explorer\u2122 : <a href=\"https:\/\/windows.microsoft.com\/fr-FR\/windows-vista\/Block-or-allow-cookies\">https:\/\/windows.microsoft.com\/fr-FR\/windows-vista\/Block-or-allow-cookies<\/a><\/li>\n\n\n\n<li>Pour Safari\u2122 : <a href=\"https:\/\/support.apple.com\/fr-fr\/guide\/safari\/sfri11471\/mac\">https:\/\/support.apple.com\/fr-fr\/guide\/safari\/sfri11471\/mac<\/a><\/li>\n\n\n\n<li>Pour Chrome\u2122: <a href=\"https:\/\/support.google.com\/chrome\/bin\/answer.py?hl=fr&amp;hlrm=en&amp;answer=95647\">https:\/\/support.google.com\/chrome\/bin\/answer.py?hl=fr&amp;hlrm=en&amp;answer=95647<\/a><\/li>\n\n\n\n<li>Pour Firefox\u2122 :&nbsp; <a href=\"https:\/\/support.mozilla.org\/fr\/kb\/Activer%20et%20d%C3%A9sactiver%20les%20cookies\">https:\/\/support.mozilla.org\/fr\/kb\/Activer%20et%20d%C3%A9sactiver%20les%20cookies<\/a><\/li>\n<\/ul>\n\n\n\n<p><strong>Param\u00e9trage du syst\u00e8me d\u2019exploitation de votre smartphone<\/strong><\/p>\n\n\n\n<p>Vous avez la possibilit\u00e9 de contr\u00f4ler le d\u00e9p\u00f4t des cookies sur votre smartphone dans les r\u00e8gles du syst\u00e8me d\u2019exploitation.<\/p>\n\n\n\n<p>Sur iOS : <a href=\"https:\/\/support.apple.com\/fr-fr\/HT201265\">https:\/\/support.apple.com\/fr-fr\/HT201265<\/a><\/p>\n\n\n\n<p>Sur Android : <a href=\"https:\/\/support.google.com\/chrome\/topic\/3434352\">https:\/\/support.google.com\/chrome\/topic\/3434352<\/a><\/p>\n\n\n\n<p><strong>G\u00e9rez vous-m\u00eame vos pr\u00e9f\u00e9rences cookies sur le Site<\/strong><\/p>\n\n\n\n<p>Lors de votre connexion au Site, vous aurez la possibilit\u00e9 d\u2019effectuer un choix libre et \u00e9clair\u00e9 en mati\u00e8re de d\u00e9p\u00f4t de cookies. Vous pouvez \u00e0 tout moment changer d\u2019avis en cliquant sur le lien suivant :<\/p>\n\n\n\n<p><strong>Date de mise en ligne de la pr\u00e9sente politique : <\/strong>26 octobre 2023<\/p>\n","protected":false},"excerpt":{"rendered":"<p>La pr\u00e9sente politique, la \u201cPolitique en mati\u00e8re de cookies\u201d, a pour objet d\u2019informer de mani\u00e8re claire, simple et compl\u00e8te les utilisateurs du pr\u00e9sent site, l\u2019\u201dUtilisateur\u201d ou \u201cvous\/votre\/vos\u201d, sur la mani\u00e8re dont Compagnie A Tout Rompre, \u201cCompagnie A Tout Rompre\u201d ou \u201cnous\u201d, utilise les cookies sur son site, le \u201cSite\u201d. Un cookie est un ensemble d\u2019informations [&hellip;]<\/p>\n","protected":false},"author":1,"featured_media":0,"parent":0,"menu_order":0,"comment_status":"closed","ping_status":"closed","template":"","meta":{"footnotes":""},"class_list":["post-28","page","type-page","status-publish","hentry"],"_links":{"self":[{"href":"https:\/\/cieatoutrompre.fr\/index.php\/wp-json\/wp\/v2\/pages\/28","targetHints":{"allow":["GET"]}}],"collection":[{"href":"https:\/\/cieatoutrompre.fr\/index.php\/wp-json\/wp\/v2\/pages"}],"about":[{"href":"https:\/\/cieatoutrompre.fr\/index.php\/wp-json\/wp\/v2\/types\/page"}],"author":[{"embeddable":true,"href":"https:\/\/cieatoutrompre.fr\/index.php\/wp-json\/wp\/v2\/users\/1"}],"replies":[{"embeddable":true,"href":"https:\/\/cieatoutrompre.fr\/index.php\/wp-json\/wp\/v2\/comments?post=28"}],"version-history":[{"count":0,"href":"https:\/\/cieatoutrompre.fr\/index.php\/wp-json\/wp\/v2\/pages\/28\/revisions"}],"wp:attachment":[{"href":"https:\/\/cieatoutrompre.fr\/index.php\/wp-json\/wp\/v2\/media?parent=28"}],"curies":[{"name":"wp","href":"https:\/\/api.w.org\/{rel}","templated":true}]}}